{"id":1816,"date":"2018-07-09T13:15:27","date_gmt":"2018-07-09T11:15:27","guid":{"rendered":"https:\/\/bhpa.ba\/?page_id=1816"},"modified":"2018-07-09T13:25:58","modified_gmt":"2018-07-09T11:25:58","slug":"edukacije-u-2016-godini-2","status":"publish","type":"page","link":"https:\/\/bhpa.ba\/bhpaintranet\/en-gb\/edukacije-u-2016-godini-2\/","title":{"rendered":"Edukacije u 2016. godini"},"content":{"rendered":"<p><div class=\"fusion-fullwidth fullwidth-box fusion-builder-row-1 nonhundred-percent-fullwidth non-hundred-percent-height-scrolling\"  style='background-color: rgba(255,255,255,0);background-position: center center;background-repeat: no-repeat;padding-top:0px;padding-right:0px;padding-bottom:0px;padding-left:0px;border-top-width:0px;border-bottom-width:0px;border-color:#eae9e9;border-top-style:solid;border-bottom-style:solid;'><div class=\"fusion-builder-row fusion-row \"><div  class=\"fusion-layout-column fusion_builder_column fusion_builder_column_1_1 fusion-builder-column-0 fusion-one-full fusion-column-first fusion-column-last 1_1\"  style='margin-top:0px;margin-bottom:20px;'><div class=\"fusion-column-wrapper\" style=\"padding: 0px 0px 0px 0px;background-position:left top;background-repeat:no-repeat;-webkit-background-size:cover;-moz-background-size:cover;-o-background-size:cover;background-size:cover;\"   data-bg-url=\"\"><div class=\"fusion-text\"><h3><span style=\"color: #003366;\"><strong>U 2016. godini Udru\u017eenje eksperata iz oblasti nekretnina organizovalo je \u010detiri edukacije na kojima su svoja znanja i iskustva prenosili sljede\u0107i predava\u010di:<\/strong><\/span><\/h3>\n<ul>\n<li>\n<h3><span style=\"color: #003366;\"><strong>Prof. dr Muharem Karamuji\u0107, FBHPA; MRICS;<\/strong><\/span><\/h3>\n<\/li>\n<li>\n<h3><span style=\"color: #003366;\"><strong>Armin \u0110ozi\u0107, RBHPA; MRICS;<\/strong><\/span><\/h3>\n<\/li>\n<li>\n<h3><span style=\"color: #003366;\">Adnan Mehmedagi\u0107, MBHPA;<\/span><\/h3>\n<\/li>\n<li>\n<h3><span style=\"color: #003366;\">Denis Hasani\u0107, MBHPA.<\/span><\/h3>\n<\/li>\n<\/ul>\n<\/div><div class=\"fusion-clearfix\"><\/div><\/div><\/div><div  class=\"fusion-layout-column fusion_builder_column fusion_builder_column_1_1 fusion-builder-column-1 fusion-one-full fusion-column-first fusion-column-last 1_1\"  style='margin-top:0px;margin-bottom:20px;'><div class=\"fusion-column-wrapper\" style=\"padding: 0px 0px 0px 0px;background-position:left top;background-repeat:no-repeat;-webkit-background-size:cover;-moz-background-size:cover;-o-background-size:cover;background-size:cover;\"   data-bg-url=\"\"><div class=\"fusion-clearfix\"><\/div><\/div><\/div><\/div><\/div><div class=\"fusion-fullwidth fullwidth-box fusion-builder-row-2 nonhundred-percent-fullwidth non-hundred-percent-height-scrolling\"  style='background-color: rgba(255,255,255,0);background-position: center center;background-repeat: no-repeat;padding-top:0px;padding-right:0px;padding-bottom:0px;padding-left:0px;border-top-width:0px;border-bottom-width:0px;border-color:#eae9e9;border-top-style:solid;border-bottom-style:solid;'><div class=\"fusion-builder-row fusion-row \"><div  class=\"fusion-layout-column fusion_builder_column fusion_builder_column_1_2 fusion-builder-column-2 fusion-one-half fusion-column-first 1_2\"  style='margin-top:0px;margin-bottom:20px;width:50%;width:calc(50% - ( ( 4% ) * 0.5 ) );margin-right: 4%;'><div class=\"fusion-column-wrapper\" style=\"background-color:#00314c;padding: 0px 0px 0px 0px;background-position:left top;background-repeat:no-repeat;-webkit-background-size:cover;-moz-background-size:cover;-o-background-size:cover;background-size:cover;\"   data-bg-url=\"\"><div class=\"fusion-text\"><h2 style=\"text-align: center;\"><span style=\"color: #ffffff;\"><strong><br \/>\nTr\u017ei\u0161na procjena vrijednosti nekretnina &#8211; bankarski sektor<br \/>\n<\/strong><\/span><\/h2>\n<\/div><div class=\"fusion-clearfix\"><\/div><\/div><\/div><div  class=\"fusion-layout-column fusion_builder_column fusion_builder_column_1_2 fusion-builder-column-3 fusion-one-half fusion-column-last 1_2\"  style='margin-top:0px;margin-bottom:20px;width:50%;width:calc(50% - ( ( 4% ) * 0.5 ) );'><div class=\"fusion-column-wrapper\" style=\"background-color:#00314c;padding: 0px 0px 0px 0px;background-position:left top;background-repeat:no-repeat;-webkit-background-size:cover;-moz-background-size:cover;-o-background-size:cover;background-size:cover;\"   data-bg-url=\"\"><div class=\"fusion-text\"><h2 style=\"text-align: center;\"><span style=\"color: #003366;\"><strong><span style=\"color: #ffffff;\"><br \/>\nTr\u017ei\u0161na procjena vrijednosti nekretnina<\/span><br \/>\n<span style=\"color: #003366;\">&#8211;<\/span><\/strong><\/span><\/h2>\n<\/div><div class=\"fusion-clearfix\"><\/div><\/div><\/div><div  class=\"fusion-layout-column fusion_builder_column fusion_builder_column_1_2 fusion-builder-column-4 fusion-one-half fusion-column-first 1_2\"  style='margin-top:0px;margin-bottom:20px;width:50%;width:calc(50% - ( ( 4% ) * 0.5 ) );margin-right: 4%;'><div class=\"fusion-column-wrapper\" style=\"padding: 0px 0px 0px 0px;background-position:left top;background-repeat:no-repeat;-webkit-background-size:cover;-moz-background-size:cover;-o-background-size:cover;background-size:cover;\"   data-bg-url=\"\"><div class=\"fusion-sep-clear\"><\/div><div class=\"fusion-separator fusion-full-width-sep sep-single sep-solid\" style=\"border-color:#00314c;border-top-width:1px;margin-left: auto;margin-right: auto;margin-top:;\"><\/div><div class=\"fusion-text\"><h3 style=\"text-align: center;\"><span style=\"color: #003366;\"><em>Edukacija je odr\u017eana 17. decembra 2016. godine u prostorijama Poslovne akademije Ekonomskog fakulteta u Sarajevu.<\/em><\/span><\/h3>\n<\/div><div class=\"fusion-sep-clear\"><\/div><div class=\"fusion-separator fusion-full-width-sep sep-single sep-solid\" style=\"border-color:#00314c;border-top-width:1px;margin-left: auto;margin-right: auto;margin-top:;\"><\/div><div class=\"fusion-text\"><h3><strong>Tema 1. \u00a0Uvodno obra\u0107anje<\/strong><\/h3>\n<h3><em>Opis: Prezentacija.<\/em><\/h3>\n<h3><strong>Tema 2. \u00a0AQR<\/strong><\/h3>\n<h3><em>Opis: Prezentacija Asset Quality Review<\/em><\/h3>\n<h3><strong>Tema 3. \u00a0Va\u017enost adekvatne tr\u017ei\u0161ne procjene vrijednosti<\/strong><\/h3>\n<h3><em>Opis: Prezentacija i diskusija.<\/em><\/h3>\n<h3><strong>Tema 4. \u00a0Procjena tr\u017ei\u0161ne vrijednosti &#8211; Agencija za bankarstvo<\/strong><\/h3>\n<h3><em>Opis: Diskusija.<\/em><\/h3>\n<h3><strong>Tema 5. \u00a0Priru\u010dnik za izradu procjena tr\u017ei\u0161ne vrijednosti nekretnina &#8211; BHPA<\/strong><\/h3>\n<h3><em>Opis: Diskusija.<\/em><\/h3>\n<p><span style=\"color: #ffffff;\">.<\/span><\/p>\n<p><span style=\"color: #ffffff;\">.<\/span><\/p>\n<\/div><div class=\"fusion-sep-clear\"><\/div><div class=\"fusion-separator fusion-full-width-sep sep-single sep-solid\" style=\"border-color:#00314c;border-top-width:1px;margin-left: auto;margin-right: auto;margin-top:;\"><\/div><div class=\"fusion-clearfix\"><\/div><\/div><\/div><div  class=\"fusion-layout-column fusion_builder_column fusion_builder_column_1_2 fusion-builder-column-5 fusion-one-half fusion-column-last 1_2\"  style='margin-top:0px;margin-bottom:20px;width:50%;width:calc(50% - ( ( 4% ) * 0.5 ) );'><div class=\"fusion-column-wrapper\" style=\"padding: 0px 0px 0px 0px;background-position:left top;background-repeat:no-repeat;-webkit-background-size:cover;-moz-background-size:cover;-o-background-size:cover;background-size:cover;\"   data-bg-url=\"\"><div class=\"fusion-sep-clear\"><\/div><div class=\"fusion-separator fusion-full-width-sep sep-single sep-solid\" style=\"border-color:#00314c;border-top-width:1px;margin-left: auto;margin-right: auto;margin-top:;\"><\/div><div class=\"fusion-text\"><h3 style=\"text-align: center;\"><span style=\"color: #003366;\"><em>Edukacija je odr\u017eana 13. februara 2016. godine u prostorijama Poslovne akademije Ekonomskog fakulteta u Sarajevu.<\/em><\/span><\/h3>\n<\/div><div class=\"fusion-sep-clear\"><\/div><div class=\"fusion-separator fusion-full-width-sep sep-single sep-solid\" style=\"border-color:#00314c;border-top-width:1px;margin-left: auto;margin-right: auto;margin-top:;\"><\/div><div class=\"fusion-text\"><h3><strong>Tema 1. Procjena vrijednosti nekretnina za potrebe hipotekarnih kredita<\/strong><\/h3>\n<h3><em>Opis: Prednosti primjene standarda.<\/em><\/h3>\n<h3><strong>Tema 2. \u00a0BHPA &#8211; Priru\u010dnik za izradu procjena tr\u017ei\u0161ne vrijednosti nekretnina<\/strong><\/h3>\n<h3><em>Opis: Prakti\u010dna primjena u izradi procjene.<\/em><\/h3>\n<h3><strong>Tema 3. \u00a0Uporedna metoda<\/strong><\/h3>\n<h3><em>Opis: Prezentacija metoda i study case \u010dlanova BHPA.<\/em><\/h3>\n<h3><strong>Tema 4. \u00a0Metoda kapitalizacije<\/strong><\/h3>\n<h3><em>Opis: Prezentacija metoda i study case \u010dlanova BHPA.<\/em><\/h3>\n<h3><strong>Tema 5. \u00a0Tro\u0161kovna metoda<\/strong><\/h3>\n<h3><em>Opis: Prezentacija metoda i study case \u010dlanova BHPA.<\/em><\/h3>\n<h3><\/h3>\n<\/div><div class=\"fusion-sep-clear\"><\/div><div class=\"fusion-separator fusion-full-width-sep sep-single sep-solid\" style=\"border-color:#00314c;border-top-width:1px;margin-left: auto;margin-right: auto;margin-top:;\"><\/div><div class=\"fusion-clearfix\"><\/div><\/div><\/div><\/div><\/div><\/p>\n","protected":false},"excerpt":{"rendered":"","protected":false},"author":2,"featured_media":0,"parent":0,"menu_order":0,"comment_status":"closed","ping_status":"closed","template":"","meta":{"footnotes":""},"_links":{"self":[{"href":"https:\/\/bhpa.ba\/bhpaintranet\/wp-json\/wp\/v2\/pages\/1816"}],"collection":[{"href":"https:\/\/bhpa.ba\/bhpaintranet\/wp-json\/wp\/v2\/pages"}],"about":[{"href":"https:\/\/bhpa.ba\/bhpaintranet\/wp-json\/wp\/v2\/types\/page"}],"author":[{"embeddable":true,"href":"https:\/\/bhpa.ba\/bhpaintranet\/wp-json\/wp\/v2\/users\/2"}],"replies":[{"embeddable":true,"href":"https:\/\/bhpa.ba\/bhpaintranet\/wp-json\/wp\/v2\/comments?post=1816"}],"version-history":[{"count":2,"href":"https:\/\/bhpa.ba\/bhpaintranet\/wp-json\/wp\/v2\/pages\/1816\/revisions"}],"predecessor-version":[{"id":1818,"href":"https:\/\/bhpa.ba\/bhpaintranet\/wp-json\/wp\/v2\/pages\/1816\/revisions\/1818"}],"wp:attachment":[{"href":"https:\/\/bhpa.ba\/bhpaintranet\/wp-json\/wp\/v2\/media?parent=1816"}],"curies":[{"name":"wp","href":"https:\/\/api.w.org\/{rel}","templated":true}]}}