{"id":1684,"date":"2018-06-22T13:56:31","date_gmt":"2018-06-22T11:56:31","guid":{"rendered":"https:\/\/bhpa.ba\/?page_id=1684"},"modified":"2018-06-22T15:58:38","modified_gmt":"2018-06-22T13:58:38","slug":"edukacije-u-2017-godini-2","status":"publish","type":"page","link":"https:\/\/bhpa.ba\/bhpaintranet\/en-gb\/edukacije-u-2017-godini-2\/","title":{"rendered":"Edukacije u 2017. godini"},"content":{"rendered":"<p><div class=\"fusion-fullwidth fullwidth-box fusion-builder-row-1 nonhundred-percent-fullwidth non-hundred-percent-height-scrolling\"  style='background-color: rgba(255,255,255,0);background-position: center center;background-repeat: no-repeat;padding-top:0px;padding-right:0px;padding-bottom:0px;padding-left:0px;border-top-width:0px;border-bottom-width:0px;border-color:#eae9e9;border-top-style:solid;border-bottom-style:solid;'><div class=\"fusion-builder-row fusion-row \"><div  class=\"fusion-layout-column fusion_builder_column fusion_builder_column_1_1 fusion-builder-column-0 fusion-one-full fusion-column-first fusion-column-last 1_1\"  style='margin-top:0px;margin-bottom:20px;'><div class=\"fusion-column-wrapper\" style=\"padding: 0px 0px 0px 0px;background-position:left top;background-repeat:no-repeat;-webkit-background-size:cover;-moz-background-size:cover;-o-background-size:cover;background-size:cover;\"   data-bg-url=\"\"><div class=\"fusion-text\"><h3><span style=\"color: #003366;\"><strong>U 2017. godini Udru\u017eenje eksperata iz oblasti nekretnina organizovalo je \u010detiri edukacije na kojima su svoja znanja i iskustva prenosili sljede\u0107i predava\u010di:<\/strong><\/span><\/h3>\n<ul>\n<li>\n<h3><span style=\"color: #003366;\"><strong>Prof. dr Muharem Karamuji\u0107, FBHPA; MRICS;<\/strong><\/span><\/h3>\n<\/li>\n<li>\n<h3><span style=\"color: #003366;\"><strong>Armin \u0110ozi\u0107, RBHPA; MRICS;<\/strong><\/span><\/h3>\n<\/li>\n<li>\n<h3><span style=\"color: #003366;\"><strong>Emir Hod\u017ei\u0107, MBHPA;<\/strong><\/span><\/h3>\n<\/li>\n<li>\n<h3><span style=\"color: #003366;\"><strong>Adnan Tuli\u0107, kantonalni tu\u017eilac.\u00a0<\/strong><\/span><\/h3>\n<\/li>\n<\/ul>\n<\/div><div class=\"fusion-clearfix\"><\/div><\/div><\/div><div  class=\"fusion-layout-column fusion_builder_column fusion_builder_column_1_1 fusion-builder-column-1 fusion-one-full fusion-column-first fusion-column-last 1_1\"  style='margin-top:0px;margin-bottom:20px;'><div class=\"fusion-column-wrapper\" style=\"padding: 0px 0px 0px 0px;background-position:left top;background-repeat:no-repeat;-webkit-background-size:cover;-moz-background-size:cover;-o-background-size:cover;background-size:cover;\"   data-bg-url=\"\"><div class=\"fusion-clearfix\"><\/div><\/div><\/div><\/div><\/div><div class=\"fusion-fullwidth fullwidth-box fusion-builder-row-2 nonhundred-percent-fullwidth non-hundred-percent-height-scrolling\"  style='background-color: rgba(255,255,255,0);background-position: center center;background-repeat: no-repeat;padding-top:0px;padding-right:0px;padding-bottom:0px;padding-left:0px;border-top-width:0px;border-bottom-width:0px;border-color:#eae9e9;border-top-style:solid;border-bottom-style:solid;'><div class=\"fusion-builder-row fusion-row \"><div  class=\"fusion-layout-column fusion_builder_column fusion_builder_column_1_2 fusion-builder-column-2 fusion-one-half fusion-column-first 1_2\"  style='margin-top:0px;margin-bottom:20px;width:50%;width:calc(50% - ( ( 4% ) * 0.5 ) );margin-right: 4%;'><div class=\"fusion-column-wrapper\" style=\"background-color:#00314c;padding: 0px 0px 0px 0px;background-position:left top;background-repeat:no-repeat;-webkit-background-size:cover;-moz-background-size:cover;-o-background-size:cover;background-size:cover;\"   data-bg-url=\"\"><div class=\"fusion-text\"><h2 style=\"text-align: center;\"><span style=\"color: #ffffff;\"><strong><br \/>\nPrimjena profesionalnih\u00a0standarda procjenjivanja na primjerima\u00a0<\/strong><strong>koje su uradili \u010dlanovi BHPA<\/strong><\/span><\/h2>\n<\/div><div class=\"fusion-clearfix\"><\/div><\/div><\/div><div  class=\"fusion-layout-column fusion_builder_column fusion_builder_column_1_2 fusion-builder-column-3 fusion-one-half fusion-column-last 1_2\"  style='margin-top:0px;margin-bottom:20px;width:50%;width:calc(50% - ( ( 4% ) * 0.5 ) );'><div class=\"fusion-column-wrapper\" style=\"background-color:#00314c;padding: 0px 0px 0px 0px;background-position:left top;background-repeat:no-repeat;-webkit-background-size:cover;-moz-background-size:cover;-o-background-size:cover;background-size:cover;\"   data-bg-url=\"\"><div class=\"fusion-text\"><h2 style=\"text-align: center;\"><span style=\"color: #003366;\"><strong><span style=\"color: #ffffff;\"><br \/>\nTr\u017ei\u0161na procjena vrijednosti: Prihodovna metoda<\/span><br \/>\n<span style=\"color: #003366;\">&#8211;<\/span><\/strong><\/span><\/h2>\n<\/div><div class=\"fusion-clearfix\"><\/div><\/div><\/div><div  class=\"fusion-layout-column fusion_builder_column fusion_builder_column_1_2 fusion-builder-column-4 fusion-one-half fusion-column-first 1_2\"  style='margin-top:0px;margin-bottom:20px;width:50%;width:calc(50% - ( ( 4% ) * 0.5 ) );margin-right: 4%;'><div class=\"fusion-column-wrapper\" style=\"padding: 0px 0px 0px 0px;background-position:left top;background-repeat:no-repeat;-webkit-background-size:cover;-moz-background-size:cover;-o-background-size:cover;background-size:cover;\"   data-bg-url=\"\"><div class=\"fusion-sep-clear\"><\/div><div class=\"fusion-separator fusion-full-width-sep sep-single sep-solid\" style=\"border-color:#00314c;border-top-width:1px;margin-left: auto;margin-right: auto;margin-top:;\"><\/div><div class=\"fusion-text\"><h3 style=\"text-align: center;\"><span style=\"color: #003366;\"><em>Edukacija je odr\u017eana 16. decembra 2017. godine u prostorijama Poslovne akademije Ekonomskog fakulteta u Sarajevu.<\/em><\/span><\/h3>\n<\/div><div class=\"fusion-sep-clear\"><\/div><div class=\"fusion-separator fusion-full-width-sep sep-single sep-solid\" style=\"border-color:#00314c;border-top-width:1px;margin-left: auto;margin-right: auto;margin-top:;\"><\/div><div class=\"fusion-text\"><h3><strong>Tema 1.\u00a0 Uvodno obra\u0107anje<\/strong><\/h3>\n<h3><em>Opis: Prezentacija kvantitativne i kvalitativne analize rada \u010dlanova BHPA<\/em><\/h3>\n<h3><strong>Tema 2.\u00a0 Primjena profesionalnih standarda<\/strong><\/h3>\n<h3><em>Opis: Prezentacija procjene \u010dlana BHPA \u2013 primjena profesionalnih standarda kroz primjere\u00a0\u00a0<\/em><\/h3>\n<h3><strong>Tema 3.\u00a0 Primjena profesionalnih standarda<\/strong><\/h3>\n<h3><em>Opis: Primjena profesionalnih standarda kroz primjere\u00a0\u00a0<\/em><\/h3>\n<h3><strong>Tema 4.\u00a0 Pitanja i odgovori<\/strong><\/h3>\n<h3><em>Opis: Diskusija.<\/em><\/h3>\n<p><span style=\"color: #ffffff;\">.<\/span><\/p>\n<p><span style=\"color: #ffffff;\">.<\/span><\/p>\n<\/div><div class=\"fusion-sep-clear\"><\/div><div class=\"fusion-separator fusion-full-width-sep sep-single sep-solid\" style=\"border-color:#00314c;border-top-width:1px;margin-left: auto;margin-right: auto;margin-top:;\"><\/div><div class=\"fusion-clearfix\"><\/div><\/div><\/div><div  class=\"fusion-layout-column fusion_builder_column fusion_builder_column_1_2 fusion-builder-column-5 fusion-one-half fusion-column-last 1_2\"  style='margin-top:0px;margin-bottom:20px;width:50%;width:calc(50% - ( ( 4% ) * 0.5 ) );'><div class=\"fusion-column-wrapper\" style=\"padding: 0px 0px 0px 0px;background-position:left top;background-repeat:no-repeat;-webkit-background-size:cover;-moz-background-size:cover;-o-background-size:cover;background-size:cover;\"   data-bg-url=\"\"><div class=\"fusion-sep-clear\"><\/div><div class=\"fusion-separator fusion-full-width-sep sep-single sep-solid\" style=\"border-color:#00314c;border-top-width:1px;margin-left: auto;margin-right: auto;margin-top:;\"><\/div><div class=\"fusion-text\"><h3 style=\"text-align: center;\"><span style=\"color: #003366;\"><em>Edukacija je odr\u017eana 18. novembra 2017. godine u prostorijama Poslovne akademije Ekonomskog fakulteta u Sarajevu.<\/em><\/span><\/h3>\n<\/div><div class=\"fusion-sep-clear\"><\/div><div class=\"fusion-separator fusion-full-width-sep sep-single sep-solid\" style=\"border-color:#00314c;border-top-width:1px;margin-left: auto;margin-right: auto;margin-top:;\"><\/div><div class=\"fusion-text\"><h3><strong>Tema 1. Primjena RICS profesionalnih standarda<\/strong><\/h3>\n<h3><em>Opis: Osvrt na primjenu profesionalnih standarda.\u00a0<\/em><\/h3>\n<h3><strong>Tema 2.\u00a0 Va\u017enost procjene vrijednost nekretnina za banke\u00a0<\/strong><\/h3>\n<h3><em>Opis: Procjena kao obezbje\u0111ene kreditnog plasmana banke i\u00a0 procjena kao aktiva banke.<\/em><\/h3>\n<h3><strong>Tema 3.\u00a0 Prihodovna metoda\u00a0 \u2013 Direktna kapitalizacija<\/strong><\/h3>\n<h3><em>Opis: Primjena kroz primjere.<\/em><\/h3>\n<h3><strong>Tema 4.\u00a0 Prihodovna metoda\u00a0 \u2013 DCF<\/strong><\/h3>\n<h3><em>Opis: Primjena kroz primjere.<\/em><\/h3>\n<h3><strong>Tema 5.\u00a0 Pitanja i odgovori<\/strong><\/h3>\n<h3><em>Opis: Diskusija.<\/em><\/h3>\n<\/div><div class=\"fusion-sep-clear\"><\/div><div class=\"fusion-separator fusion-full-width-sep sep-single sep-solid\" style=\"border-color:#00314c;border-top-width:1px;margin-left: auto;margin-right: auto;margin-top:;\"><\/div><div class=\"fusion-clearfix\"><\/div><\/div><\/div><\/div><\/div><div class=\"fusion-fullwidth fullwidth-box fusion-builder-row-3 nonhundred-percent-fullwidth non-hundred-percent-height-scrolling\"  style='background-color: rgba(255,255,255,0);background-position: center center;background-repeat: no-repeat;padding-top:0px;padding-right:0px;padding-bottom:0px;padding-left:0px;border-top-width:0px;border-bottom-width:0px;border-color:#eae9e9;border-top-style:solid;border-bottom-style:solid;'><div class=\"fusion-builder-row fusion-row \"><div  class=\"fusion-layout-column fusion_builder_column fusion_builder_column_1_2 fusion-builder-column-6 fusion-one-half fusion-column-first 1_2\"  style='margin-top:0px;margin-bottom:20px;width:50%;width:calc(50% - ( ( 4% ) * 0.5 ) );margin-right: 4%;'><div class=\"fusion-column-wrapper\" style=\"background-color:#00314c;padding: 0px 0px 0px 0px;background-position:left top;background-repeat:no-repeat;-webkit-background-size:cover;-moz-background-size:cover;-o-background-size:cover;background-size:cover;\"   data-bg-url=\"\"><div class=\"fusion-text\"><h2 style=\"text-align: center;\"><span style=\"color: #003366;\"><strong><br \/>\n<span style=\"color: #ffffff;\">Tr\u017ei\u0161na procjena vrijednosti: Tro\u0161kovna metoda<\/span><br \/>\n<span style=\"color: #003366;\">&#8211;<\/span><\/strong><\/span><\/h2>\n<\/div><div class=\"fusion-clearfix\"><\/div><\/div><\/div><div  class=\"fusion-layout-column fusion_builder_column fusion_builder_column_1_2 fusion-builder-column-7 fusion-one-half fusion-column-last 1_2\"  style='margin-top:0px;margin-bottom:20px;width:50%;width:calc(50% - ( ( 4% ) * 0.5 ) );'><div class=\"fusion-column-wrapper\" style=\"background-color:#00314c;padding: 0px 0px 0px 0px;background-position:left top;background-repeat:no-repeat;-webkit-background-size:cover;-moz-background-size:cover;-o-background-size:cover;background-size:cover;\"   data-bg-url=\"\"><div class=\"fusion-text\"><h2 style=\"text-align: center;\"><span style=\"color: #003366;\"><strong><br \/>\n<span style=\"color: #ffffff;\">Tr\u017ei\u0161na procjena vrijednosti: Uporedna metoda<\/span><br \/>\n<span style=\"color: #003366;\">&#8211;<\/span><\/strong><\/span><\/h2>\n<\/div><div class=\"fusion-clearfix\"><\/div><\/div><\/div><div  class=\"fusion-layout-column fusion_builder_column fusion_builder_column_1_2 fusion-builder-column-8 fusion-one-half fusion-column-first 1_2\"  style='margin-top:0px;margin-bottom:20px;width:50%;width:calc(50% - ( ( 4% ) * 0.5 ) );margin-right: 4%;'><div class=\"fusion-column-wrapper\" style=\"padding: 0px 0px 0px 0px;background-position:left top;background-repeat:no-repeat;-webkit-background-size:cover;-moz-background-size:cover;-o-background-size:cover;background-size:cover;\"   data-bg-url=\"\"><div class=\"fusion-text\"><h3 style=\"text-align: center;\"><span style=\"color: #003366;\"><em>Edukacija je odr\u017eana 21. oktobra 2017. godine u prostorijama Poslovne akademije Ekonomskog fakulteta u Sarajevu.<\/em><\/span><\/h3>\n<\/div><div class=\"fusion-sep-clear\"><\/div><div class=\"fusion-separator fusion-full-width-sep sep-single sep-solid\" style=\"border-color:#00314c;border-top-width:1px;margin-left: auto;margin-right: auto;margin-top:;\"><\/div><div class=\"fusion-text\"><h3><strong>Tema 1:\u00a0Uvodno obra\u0107anje\u00a0<\/strong><\/h3>\n<h3><em>Opis: Prezentacija rada i budu\u0107a unapre\u0111enja u radu.<\/em><\/h3>\n<h3><strong>Tema 2.\u00a0 Regulatorni okvir Agencije za bankarstvo<\/strong><\/h3>\n<h3><em>Opis: Primjena i implementacija sa osvrtom kako to uti\u010de na procjenu nekretnina kao instrument obezbje\u0111enja.<\/em><\/h3>\n<h3><strong>Tema 3.\u00a0 Tro\u0161kovna metoda<\/strong><\/h3>\n<h3><em>Opis: Primjena kroz primjere.<\/em><\/h3>\n<h3><strong>Tema 4.\u00a0 Tro\u0161kovna metoda<\/strong><\/h3>\n<h3><em>Opis: Case study.<\/em><\/h3>\n<h3><strong>Tema 5.\u00a0 Pitanja i odgovori<\/strong><\/h3>\n<h3><em>Opis: Diskusija.<\/em><\/h3>\n<\/div><div class=\"fusion-sep-clear\"><\/div><div class=\"fusion-separator fusion-full-width-sep sep-single sep-solid\" style=\"border-color:#00314c;border-top-width:1px;margin-left: auto;margin-right: auto;margin-top:;\"><\/div><div class=\"fusion-clearfix\"><\/div><\/div><\/div><div  class=\"fusion-layout-column fusion_builder_column fusion_builder_column_1_2 fusion-builder-column-9 fusion-one-half fusion-column-last 1_2\"  style='margin-top:0px;margin-bottom:20px;width:50%;width:calc(50% - ( ( 4% ) * 0.5 ) );'><div class=\"fusion-column-wrapper\" style=\"padding: 0px 0px 0px 0px;background-position:left top;background-repeat:no-repeat;-webkit-background-size:cover;-moz-background-size:cover;-o-background-size:cover;background-size:cover;\"   data-bg-url=\"\"><div class=\"fusion-text\"><h3 style=\"text-align: center;\"><span style=\"color: #003366;\"><em>Edukacija je odr\u017eana 16. septembra 2017. godine u prostorijama Poslovne akademije Ekonomskog fakulteta u Sarajevu.<\/em><\/span><\/h3>\n<\/div><div class=\"fusion-sep-clear\"><\/div><div class=\"fusion-separator fusion-full-width-sep sep-single sep-solid\" style=\"border-color:#00314c;border-top-width:1px;margin-left: auto;margin-right: auto;margin-top:;\"><\/div><div class=\"fusion-text\"><h3><strong>Tema 1.\u00a0 Uvodno obra\u0107anje\u00a0<\/strong><\/h3>\n<h3><em>Opis: Prezentacija kvantitativne i kvalitativne analize rada \u010dlanova BHPA.<\/em><\/h3>\n<h3><strong>Tema 2.\u00a0 Uporedna metoda<\/strong><\/h3>\n<h3><em>Opis: Prezentacija primjene profesionalnih standarda.<\/em><\/h3>\n<h3><strong>Tema 3.\u00a0 Tro\u0161kovna metoda<\/strong><\/h3>\n<h3><em>Opis: Prezentacija i diskusija \u2013 Case study.<\/em><\/h3>\n<h3><strong>Tema 4.\u00a0 Pitanja i odgovori<\/strong><\/h3>\n<h3><em>Opis: Diskusija.<br \/>\n<span style=\"color: #ffffff;\">&#8211;<\/span><\/em><\/h3>\n<p><span style=\"color: #ffffff;\">.<\/span><\/p>\n<p><span style=\"color: #ffffff;\">.<\/span><\/p>\n<\/div><div class=\"fusion-sep-clear\"><\/div><div class=\"fusion-separator fusion-full-width-sep sep-single sep-solid\" style=\"border-color:#00314c;border-top-width:1px;margin-left: auto;margin-right: auto;margin-top:;\"><\/div><div class=\"fusion-clearfix\"><\/div><\/div><\/div><\/div><\/div><\/p>\n","protected":false},"excerpt":{"rendered":"","protected":false},"author":2,"featured_media":0,"parent":0,"menu_order":0,"comment_status":"closed","ping_status":"closed","template":"","meta":{"footnotes":""},"_links":{"self":[{"href":"https:\/\/bhpa.ba\/bhpaintranet\/wp-json\/wp\/v2\/pages\/1684"}],"collection":[{"href":"https:\/\/bhpa.ba\/bhpaintranet\/wp-json\/wp\/v2\/pages"}],"about":[{"href":"https:\/\/bhpa.ba\/bhpaintranet\/wp-json\/wp\/v2\/types\/page"}],"author":[{"embeddable":true,"href":"https:\/\/bhpa.ba\/bhpaintranet\/wp-json\/wp\/v2\/users\/2"}],"replies":[{"embeddable":true,"href":"https:\/\/bhpa.ba\/bhpaintranet\/wp-json\/wp\/v2\/comments?post=1684"}],"version-history":[{"count":21,"href":"https:\/\/bhpa.ba\/bhpaintranet\/wp-json\/wp\/v2\/pages\/1684\/revisions"}],"predecessor-version":[{"id":1733,"href":"https:\/\/bhpa.ba\/bhpaintranet\/wp-json\/wp\/v2\/pages\/1684\/revisions\/1733"}],"wp:attachment":[{"href":"https:\/\/bhpa.ba\/bhpaintranet\/wp-json\/wp\/v2\/media?parent=1684"}],"curies":[{"name":"wp","href":"https:\/\/api.w.org\/{rel}","templated":true}]}}